 What is the hundreds digit of s?
1
Let m(f) be the third derivative of -f**6/120 - f**5/4 - f**3/3 - 23*f**2. Let s be m(-15). What is the units digit of s/(2 + 232/(-114))?
7
Let u be 4/8*-2*35. Let p = u + 26. What is the units digit of (p/2)/(-9)*82?
1
Let b(j) = -4*j - 24. Let z be b(-7). Let h(u) = -2 + 3 - u**2 + 1 - 14*u + z*u. What is the units digit of h(-9)?
1
Let n = -32570 + 48582. What is the thousands digit of n?
6
Let y = -18 - -20. Suppose 0 = 4*b - y*g - 866, -5*b + 3*g = -g - 1081. What is the units digit of b?
7
Let y(m) = 7*m**3 + 17*m**2 + 4*m + 8. Let l(f) = 6*f**3 + 16*f**2 + 4*f + 8. Let i(s) = 6*l(s) - 5*y(s). What is the hundreds digit of i(-7)?
1
Suppose -25 = -5*s - 0*s + 3*w, 5*s - 5*w = 25. Suppose -s*y - 86 = -6*y. Let j = y - 21. What is the tens digit of j?
6
Let u(f) = 379*f + 6720. What is the units digit of u(207)?
3
Suppose 0 = -4*f - c + 6*c + 212971, c + 159709 = 3*f. What is the hundreds digit of f?
2
Let y be 0*(3 + -1 - 1). Let l(z) = 7*z**3 + 79*z**2 + 20*z - 2. Let n be l(-11). Suppose y = -2*x + 2*t + 200, 3*x + t + n = 304. What is the units digit of x?
6
Suppose -2*s + 5*w + 0*w + 20 = 0, 0 = 5*s + 2*w - 79. Suppose -3*v - 4 - 2 = -u, -v = 4*u + s. Let g(p) = 10*p**2 + 3*p + 14. What is the tens digit of g(u)?
9
Let b be 6/(-45) - 470184/495. Let m = b - -2008. What is the tens digit of m?
5
Suppose -5*b - 6*b + 2365 = 0. Suppose -b = -7*v - 19. What is the units digit of -10*(-1)/14 + 8/v?
1
Suppose 5*l + 1 = 21. Suppose -4*c = 3*i - 1240, 3*i - 396 + 1612 = l*c. Suppose -5*n = -c - 763. What is the hundreds digit of n?
2
Let u(g) = 15*g**2 + 33*g + 255. What is the thousands digit of u(-9)?
1
Let l = -15 + 15. Suppose -5*k - 2*s - 3*s + 520 = l, 2*k - s = 211. Let w = k - -47. What is the tens digit of w?
5
Suppose -o - 2*r = -70, -2*o + 9*r = 4*r - 95. Let u be -38*11/((-55)/o). Suppose 7*h + 5*h = u. What is the units digit of h?
8
Let t(u) = 220*u**3 - 20*u**2 + 147*u - 18. What is the thousands digit of t(7)?
5
Let r(d) be the third derivative of 19*d**6/720 - d**5/40 - 17*d**4/24 + 15*d**2. Let m(o) be the second derivative of r(o). What is the tens digit of m(4)?
7
Let g be 26/2*14/14 + 3. Let z(p) = g + 9*p - p - p - p. What is the units digit of z(4)?
0
Let t(x) = -x**3 + 15*x**2 + 8*x - 2. Let q be t(12). Let z = -66 - -71. Suppose z = w, g + q = 4*g + 2*w. What is the tens digit of g?
7
Let u be 393 - 2/(1 - 3). Suppose 0 = 4*n - 1914 - u. What is the tens digit of n?
7
Suppose -5*j = -7*f + 6*f - 5411, -3*f = -2*j + 2167. What is the tens digit of j?
8
Let h(n) = 2*n**3 - 6*n**2 + n + 1. Let b be h(3). What is the units digit of (-9006)/(-16) + b/32?
3
Let c be 4/18 + 7/(126/(-22)). What is the units digit of (c - -7)/((-14)/(-539))?
1
Suppose 0 = -18*j + 31634 + 105508. What is the units digit of j?
9
Let y(j) = -13*j - 141. Let n be y(-12). Suppose -11*z = -n*z - 8, -4*z - 92 = -2*x. What is the tens digit of x?
4
Let v = 470 - 462. Suppose -3597 = -v*w - 949. What is the tens digit of w?
3
Let c(j) = -1890*j - 5. Let b be c(-3). Suppose -585 + b = 8*d. Let v = d - 438. What is the units digit of v?
7
Suppose -42 = -v + 8*v. Let r(s) = s**2 + 6*s + 5. Let a be r(v). Suppose -303 - 297 = -a*k. What is the hundreds digit of k?
1
Let z = -12968 + 34876. What is the tens digit of z?
0
Let f(o) = -1464*o - 5 - 2 + 1503*o. Let p be 2*-3*(-3)/9. What is the units digit of f(p)?
1
Suppose 3*w = 8*w - 20. Let n(t) = 7 - 3 - w + 127*t + 5. What is the units digit of n(1)?
2
Let l(a) = -2*a**2 - 5*a + 66. Let g be l(-7). Suppose 5*f + g*s = 2748, -6*f = -2*f - s - 2195. What is the hundreds digit of f?
5
Let n(l) = 338*l - 52. Suppose -g + 2 = 5*j, j + 75 = -g + 73. What is the hundreds digit of n(j)?
2
Suppose -8*m = -19 - 13. Suppose m*s = 3*s + i - 9, 3*i - 15 = 2*s. Let t(c) = c**3 + 13*c**2 + 12*c + 11. What is the tens digit of t(s)?
1
Let b(u) be the first derivative of u**4/4 + 7*u**3/3 - 3*u**2 + 38*u + 52. What is the tens digit of b(5)?
0
Suppose 3*a = b + 103 + 1, 3*a = 3*b + 336. Let l = -111 - b. Suppose 3*d + 239 + 211 = 2*p, l*p + d - 1108 = 0. What is the units digit of p?
2
Suppose -5*p = 3*o - 476, -4*o + 3*o = p - 156. Suppose -o = -9*q + 1396. What is the hundreds digit of q?
1
Suppose 68 = s + 70, 0 = -5*x - 5*s + 201610. What is the thousands digit of x?
0
Let i(c) = -11*c - 39*c + 7*c + 20*c - 22. What is the hundreds digit of i(-20)?
4
Suppose -12*r + 103513 = -61075 - 127612. What is the hundreds digit of r?
3
Suppose -2*t + 3 = -11. Let f(n) = -265 + 134 + 3*n**2 + 136 - 7*n. What is the units digit of f(t)?
3
Suppose 0 = -502*b + 506*b - 13264. What is the tens digit of b?
1
Suppose 0 = 18*l - 45453 - 17709. What is the tens digit of l?
0
Suppose -116 + 151 = 5*d, 5*d = 2*b - 9039. What is the thousands digit of b?
4
What is the tens digit of (-1015704)/(-198) + 6/33?
3
Let c be (0 + 35)/((-13)/13). Let q = 38 + c. Suppose q*v - 6 = 12. What is the units digit of v?
6
Let d(c) = 9825*c**2 + 39*c - 40. What is the units digit of d(1)?
4
Let u(w) = -332*w + 4. Let q be u(-7). Let y = q + -1386. What is the hundreds digit of y?
9
Let o(k) = 219*k. Let s(v) = -2*v - 37. Let p be s(-5). Let z be (0 + -4 + 1)*9/p. What is the units digit of o(z)?
9
Suppose -10*h + 2 = -15*h + 4*l, h + 5*l = -12. Let k = h + 220. What is the tens digit of k?
1
Let h = 909 - 599. What is the tens digit of (1 - h)/((-30)/20)?
0
Let y = -77 - -40. Let g = y + 41. Suppose -g*h + 3*h + 2*a + 71 = 0, -5*a + 124 = 2*h. What is the tens digit of h?
6
Suppose 3*l + 0*h - 14 = -4*h, -2*l + h + 13 = 0. Let v be (-9)/(-12)*(-14 - l). Let i(o) = o**3 + 14*o**2 - 14*o + 34. What is the units digit of i(v)?
9
Suppose -2*d - 719 = -c, 4*d + c + 1453 = -2*c. Let m = -124 - d. Suppose -m = -3*n + 3*f, f = 3*n - 8*n + 383. What is the tens digit of n?
7
Let b(j) = -9 - 14 - 2*j**2 + j**2 - 1 - 25*j. Let g(p) = -5*p + 7. Let y be g(5). What is the hundreds digit of b(y)?
1
Let r(w) = 99*w**2 - 4*w + 12. Let g be r(2). Suppose -425*j = -430*j + g. What is the tens digit of j?
8
Suppose -5*o + 184 + 311 = 0. Let f = o + 81. What is the tens digit of f?
8
Suppose -18116 = -4*s - 6217 + 12641. What is the tens digit of s?
3
What is the hundreds digit of (7/(-14))/((-12)/211656)?
8
Let u be (2 + -4)*37/2 - 2. Let o = -39 - u. Suppose -9*x + 6*x + 438 = o. What is the tens digit of x?
4
Let b(q) = 4*q - 30. Let w be b(-7). Let o = 65 + w. What is the hundreds digit of (-1 + 2)/(o/959)?
1
Let y be 3*(-4 + (-40)/(-12)). Let r be 30216/84 - y/7. Suppose h = -5*t + 384, 5*h + r = t + 4*t. What is the tens digit of t?
7
Let v be 1*(-9)/((-36)/(-8)). Let i(a) be the first derivative of 13*a**3/3 - 4. What is the units digit of i(v)?
2
Suppose 0*x + 8 = -2*x, 5*q = 2*x - 57. Let u be q/(-15) - 2/(-15). Let h(i) = 54*i**3 - i**2 + i - 1. What is the units digit of h(u)?
3
What is the units digit of (-1)/(-2)*-3*2*(-444375)/27?
5
Let t be 16 - (20 - 9) - (1 + 1). Suppose 3*x - 2529 = t*b, -5*x + 4205 = -4*b + b. What is the hundreds digit of x?
8
Let z be 0 + 3 - (6 - (-1 - -3)). Let c be ((-53)/(-4))/z*-4. Let v = c - -34. What is the tens digit of v?
8
Suppose -210*p - 928710 = -295*p. What is the ten thousands digit of p?
1
Let h = 0 - 0. Suppose 2*i = 8, 4*t = i - h*i + 1304. What is the units digit of t?
7
Let h = 25 + -17. Suppose d - 3*o - 9 = h, -5*d + o = -15. Suppose 0*y = d*y + 5*l - 202, 5*y = 4*l + 571. What is the units digit of y?
1
What is the thousands digit of (-21339)/(-1 + 17 - 17)?
1
Suppose -1 = -x - 2*g + 4*g, -5*x - 11 = -2*g. Let o(u) = 2*u**2 + 2*u - 5. Let h be o(x). Suppose 5*n = -2*f + 259, -1 = -4*f + h. What is the tens digit of n?
5
Let w(p) = 22*p + 16. Let d(l) = -l**2 - 10*l + 26. Let f be d(-14). Let o be (-126)/f + 1/(-5). What is the units digit of w(o)?
4
Let i(o) = -4*o**3 - 18*o**2 - 12*o + 7. Let f be i(-7). Suppose j + g = 617, -j + 34 = 3*g - f. What is the units digit of j?
8
Let f be 26378/12 - (-66)/(-396). Suppose l - f = -4*j, 3*j + 0*j + 2*l - 1651 = 0. What is the units digit of j?
9
Let h(q) = -2*q**3 - 5*q**2 + q + 3. Let o = -7 + 2. What is the hundreds digit of h(o)?
1
Suppose 3*c = -12*j + 10*j + 16, 4*c - 32 = -4*j. Suppose 1437 - 4013 = -j*n. What is the hundre